{"id":32,"date":"2026-07-20T23:49:24","date_gmt":"2026-07-20T23:49:24","guid":{"rendered":"https:\/\/imparte.org\/about\/"},"modified":"2026-08-05T18:24:10","modified_gmt":"2026-08-05T18:24:10","slug":"about","status":"publish","type":"page","link":"https:\/\/imparte.org\/es\/about\/","title":{"rendered":"Acerca de"},"content":{"rendered":"<div data-elementor-type=\"wp-page\" data-elementor-id=\"32\" class=\"elementor elementor-32\" data-elementor-post-type=\"page\">\n\t\t\t\t<div class=\"elementor-element elementor-element-2ec9d630 e-con-full e-flex e-con e-parent\" data-id=\"2ec9d630\" data-element_type=\"container\" data-e-type=\"container\">\n\t\t<div class=\"elementor-element elementor-element-496edb39 e-con-full e-flex e-con e-child\" data-id=\"496edb39\" data-element_type=\"container\" data-e-type=\"container\">\n\t\t\t\t<div class=\"elementor-element elementor-element-3353e39a elementor-widget elementor-widget-heading\" data-id=\"3353e39a\" data-element_type=\"widget\" data-e-type=\"widget\" data-widget_type=\"heading.default\">\n\t\t\t\t\t<h1 class=\"elementor-heading-title elementor-size-default\">Acerca de IMPARTE<\/h1>\t\t\t\t<\/div>\n\t\t\t\t<div class=\"elementor-element elementor-element-21d3c373 elementor-widget-divider--view-line elementor-widget elementor-widget-divider\" data-id=\"21d3c373\" data-element_type=\"widget\" data-e-type=\"widget\" data-widget_type=\"divider.default\">\n\t\t\t\t\t\t\t<div class=\"elementor-divider\">\n\t\t\t<span class=\"elementor-divider-separator\">\n\t\t\t\t\t\t<\/span>\n\t\t<\/div>\n\t\t\t\t\t\t<\/div>\n\t\t\t\t<div class=\"elementor-element elementor-element-4a2fa918 elementor-widget__width-initial elementor-widget elementor-widget-text-editor\" data-id=\"4a2fa918\" data-element_type=\"widget\" data-e-type=\"widget\" data-widget_type=\"text-editor.default\">\n\t\t\t\t\t\t\t\t\t<p class=\"ab-p\">IMPARTE es una organizaci\u00f3n sin fines de lucro dedicada a promover la justicia equitativa a trav\u00e9s de la educaci\u00f3n comunitaria, la defensa y la reforma sist\u00e9mica. Examinamos las inconsistencias en c\u00f3mo se deciden los cargos y las sentencias, y aportamos investigaci\u00f3n rigurosa y verificada a un sistema donde los resultados en casos similares divergen con demasiada frecuencia por razones que no tienen nada que ver con los hechos.<\/p><p class=\"ab-p\">Apoyamos a las personas y familias m\u00e1s afectadas por el sistema de justicia penal, y abogamos por sentencias que tengan en cuenta el contexto humano completo: trauma, historial de desarrollo, discapacidades cognitivas y psicol\u00f3gicas, y la capacidad real de rehabilitaci\u00f3n. Nuestra visi\u00f3n es un sistema de justicia que sea proporcional, informado sobre el desarrollo y arraigado en la dignidad humana, medido no por la dureza de su castigo, sino por la equidad con la que trata a todos los que se enfrentan a \u00e9l.<\/p>\t\t\t\t\t\t\t\t<\/div>\n\t\t\t\t<\/div>\n\t\t<div class=\"elementor-element elementor-element-2ca5d2c0 e-con-full e-flex e-con e-child\" data-id=\"2ca5d2c0\" data-element_type=\"container\" data-e-type=\"container\" data-settings=\"{&quot;background_background&quot;:&quot;classic&quot;}\">\n\t\t\t\t<\/div>\n\t\t\t\t<\/div>\n\t\t<div class=\"elementor-element elementor-element-771db64c e-con-full e-flex e-con e-parent\" data-id=\"771db64c\" data-element_type=\"container\" data-e-type=\"container\">\n\t\t<div class=\"elementor-element elementor-element-94cc8e e-con-full e-flex e-con e-child\" data-id=\"94cc8e\" data-element_type=\"container\" data-e-type=\"container\">\n\t\t\t\t<div class=\"elementor-element elementor-element-4172f58f elementor-pagination-position-inside elementor-widget elementor-widget-image-carousel\" data-id=\"4172f58f\" data-element_type=\"widget\" data-e-type=\"widget\" data-settings=\"{&quot;slides_to_show&quot;:&quot;1&quot;,&quot;navigation&quot;:&quot;dots&quot;,&quot;pause_on_hover&quot;:&quot;no&quot;,&quot;pause_on_interaction&quot;:&quot;no&quot;,&quot;autoplay&quot;:&quot;yes&quot;,&quot;autoplay_speed&quot;:5000,&quot;infinite&quot;:&quot;yes&quot;,&quot;effect&quot;:&quot;slide&quot;,&quot;speed&quot;:500}\" data-widget_type=\"image-carousel.default\">\n\t\t\t\t\t\t\t<div class=\"elementor-image-carousel-wrapper swiper\" role=\"region\" aria-roledescription=\"carousel\" aria-label=\"Carrusel de im\u00e1genes\" dir=\"ltr\">\n\t\t\t<div class=\"elementor-image-carousel swiper-wrapper swiper-image-stretch\" aria-live=\"off\">\n\t\t\t\t\t\t\t\t<div class=\"swiper-slide\" role=\"group\" aria-roledescription=\"slide\" aria-label=\"1 de 3\" data-no-translation-aria-label=\"\"><figure class=\"swiper-slide-inner\"><img decoding=\"async\" class=\"swiper-slide-image\" src=\"https:\/\/imparte.org\/wp-content\/uploads\/2026\/07\/judge-presiding-over-court-case-with-lawyers-2026-01-08-05-58-57-utc-1-scaled.jpg\" alt=\"judge-presiding-over-court-case-with-lawyers-2026-01-08-05-58-57-utc (1)\" \/><\/figure><\/div><div class=\"swiper-slide\" role=\"group\" aria-roledescription=\"slide\" aria-label=\"2 de 3\" data-no-translation-aria-label=\"\"><figure class=\"swiper-slide-inner\"><img decoding=\"async\" class=\"swiper-slide-image\" src=\"https:\/\/imparte.org\/wp-content\/uploads\/2026\/08\/businessman-or-legal-expert-reviewing-document-rep-2026-01-09-07-28-39-utc-1-scaled.jpg\" alt=\"businessman-or-legal-expert-reviewing-document-rep-2026-01-09-07-28-39-utc (1)\" \/><\/figure><\/div><div class=\"swiper-slide\" role=\"group\" aria-roledescription=\"slide\" aria-label=\"3 de 3\" data-no-translation-aria-label=\"\"><figure class=\"swiper-slide-inner\"><img decoding=\"async\" class=\"swiper-slide-image\" src=\"https:\/\/imparte.org\/wp-content\/uploads\/2026\/08\/team-united-hands-together-in-the-city-workplace-2026-01-11-10-44-54-utc-1-scaled.jpg\" alt=\"team-united-hands-together-in-the-city-workplace-2026-01-11-10-44-54-utc (1)\" \/><\/figure><\/div>\t\t\t<\/div>\n\t\t\t\t\t\t\t\n\t\t\t\t\t\t\t\t\t<div class=\"swiper-pagination\"><\/div>\n\t\t\t\t\t\t\t\t\t<\/div>\n\t\t\t\t\t\t<\/div>\n\t\t\t\t<\/div>\n\t\t<div class=\"elementor-element elementor-element-5c54cbf4 e-con-full e-flex e-con e-child\" data-id=\"5c54cbf4\" data-element_type=\"container\" data-e-type=\"container\">\n\t\t\t\t<div class=\"elementor-element elementor-element-3349bbd0 elementor-widget elementor-widget-heading\" data-id=\"3349bbd0\" data-element_type=\"widget\" data-e-type=\"widget\" data-widget_type=\"heading.default\">\n\t\t\t\t\t<h2 class=\"elementor-heading-title elementor-size-default\">Nuestra Visi\u00f3n<\/h2>\t\t\t\t<\/div>\n\t\t\t\t<div class=\"elementor-element elementor-element-fb77d95 elementor-widget__width-initial elementor-widget elementor-widget-text-editor\" data-id=\"fb77d95\" data-element_type=\"widget\" data-e-type=\"widget\" data-widget_type=\"text-editor.default\">\n\t\t\t\t\t\t\t\t\t<p class=\"p1\">Visualizamos un sistema de justicia que sea proporcionado, informado sobre el desarrollo y arraigado en la dignidad humana; uno que pondere el contexto completo de la vida de una persona, no solo el cargo en su contra. Un sistema donde la reforma sea tan pr\u00e1ctica como principista, y donde la rendici\u00f3n de cuentas y la restauraci\u00f3n importen m\u00e1s que el castigo por s\u00ed mismo. Ese es el futuro hacia el que trabajamos y te invitamos a ser parte de \u00e9l.<\/p>\t\t\t\t\t\t\t\t<\/div>\n\t\t\t\t<div class=\"elementor-element elementor-element-1e9515da elementor-widget elementor-widget-testimonial\" data-id=\"1e9515da\" data-element_type=\"widget\" data-e-type=\"widget\" data-widget_type=\"testimonial.default\">\n\t\t\t\t\t\t\t<div class=\"elementor-testimonial-wrapper\">\n\t\t\t\t\t\t\t<div class=\"elementor-testimonial-content\">\"He visto cu\u00e1nto puede cambiar una vida una sola decisi\u00f3n justa. Esa es toda la raz\u00f3n por la que hacemos esto, para que la justicia deje de depender de qui\u00e9n eres o de d\u00f3nde vienes.\"<br>\nStephanie Ayala, Directora Ejecutiva<\/div>\n\t\t\t\n\t\t\t\t\t\t<div class=\"elementor-testimonial-meta\">\n\t\t\t\t<div class=\"elementor-testimonial-meta-inner\">\n\t\t\t\t\t\n\t\t\t\t\t\t\t\t\t\t<div class=\"elementor-testimonial-details\">\n\t\t\t\t\t\t\t\t\t\t\t\t\t\t<div class=\"elementor-testimonial-name\">Nombre del Empleado \/ Propietario<\/div>\n\t\t\t\t\t\t\t\t\t\t\t\t\t\t\t\t\t\t\t<\/div>\n\t\t\t\t\t\t\t\t\t<\/div>\n\t\t\t<\/div>\n\t\t\t\t\t<\/div>\n\t\t\t\t\t\t<\/div>\n\t\t\t\t<\/div>\n\t\t\t\t<\/div>\n\t\t<div class=\"elementor-element elementor-element-6dc50d90 e-flex e-con-boxed e-con e-parent\" data-id=\"6dc50d90\" data-element_type=\"container\" data-e-type=\"container\">\n\t\t\t\t\t<div class=\"e-con-inner\">\n\t\t\t\t<div class=\"elementor-element elementor-element-459095c elementor-widget elementor-widget-heading\" data-id=\"459095c\" data-element_type=\"widget\" data-e-type=\"widget\" data-widget_type=\"heading.default\">\n\t\t\t\t\t<h2 class=\"elementor-heading-title elementor-size-default\">Ayuda a hacer realidad esta visi\u00f3n\n<\/h2>\t\t\t\t<\/div>\n\t\t\t\t<div class=\"elementor-element elementor-element-312f1318 elementor-widget__width-initial elementor-widget elementor-widget-text-editor\" data-id=\"312f1318\" data-element_type=\"widget\" data-e-type=\"widget\" data-widget_type=\"text-editor.default\">\n\t\t\t\t\t\t\t\t\t<p class=\"p1\">Todo lo que has le\u00eddo aqu\u00ed depende de personas dispuestas a respaldarlo. Tu apoyo le da a IMPARTE los medios para investigar, defender y acompa\u00f1ar a las familias que m\u00e1s lo necesitan, y para seguir presionando hasta que la justicia sea la regla, no la excepci\u00f3n.<\/p>\t\t\t\t\t\t\t\t<\/div>\n\t\t\t\t<div class=\"elementor-element elementor-element-3913940f elementor-align-center elementor-invisible elementor-widget elementor-widget-button\" data-id=\"3913940f\" data-element_type=\"widget\" data-e-type=\"widget\" data-settings=\"{&quot;_animation&quot;:&quot;fadeInDown&quot;}\" data-widget_type=\"button.default\">\n\t\t\t\t\t\t\t\t\t\t<a class=\"elementor-button elementor-button-link elementor-size-sm\" href=\"https:\/\/imparte.org\/es\/contact-us\/\">\n\t\t\t\t\t\t<span class=\"elementor-button-content-wrapper\">\n\t\t\t\t\t\t\t\t\t<span class=\"elementor-button-text\">Dona hoy mismo<\/span>\n\t\t\t\t\t<\/span>\n\t\t\t\t\t<\/a>\n\t\t\t\t\t\t\t\t<\/div>\n\t\t\t\t\t<\/div>\n\t\t\t\t<\/div>\n\t\t\t\t<\/div>","protected":false},"excerpt":{"rendered":"<p>About IMPARTE IMPARTE is a nonprofit dedicated to advancing equitable justice through community education, advocacy, and systemic reform. We examine the inconsistencies in how charges and sentences are decided, and we bring rigorous, verified research to a system where outcomes in similar cases too often diverge for reasons that have nothing to do with the [&hellip;]<\/p>\n","protected":false},"author":1,"featured_media":39,"parent":0,"menu_order":0,"comment_status":"closed","ping_status":"closed","template":"elementor_header_footer","meta":{"footnotes":""},"class_list":["post-32","page","type-page","status-publish","has-post-thumbnail","hentry"],"_hostinger_reach_plugin_has_subscription_block":false,"_hostinger_reach_plugin_is_elementor":false,"_links":{"self":[{"href":"https:\/\/imparte.org\/es\/wp-json\/wp\/v2\/pages\/32","targetHints":{"allow":["GET"]}}],"collection":[{"href":"https:\/\/imparte.org\/es\/wp-json\/wp\/v2\/pages"}],"about":[{"href":"https:\/\/imparte.org\/es\/wp-json\/wp\/v2\/types\/page"}],"author":[{"embeddable":true,"href":"https:\/\/imparte.org\/es\/wp-json\/wp\/v2\/users\/1"}],"replies":[{"embeddable":true,"href":"https:\/\/imparte.org\/es\/wp-json\/wp\/v2\/comments?post=32"}],"version-history":[{"count":34,"href":"https:\/\/imparte.org\/es\/wp-json\/wp\/v2\/pages\/32\/revisions"}],"predecessor-version":[{"id":367,"href":"https:\/\/imparte.org\/es\/wp-json\/wp\/v2\/pages\/32\/revisions\/367"}],"wp:featuredmedia":[{"embeddable":true,"href":"https:\/\/imparte.org\/es\/wp-json\/wp\/v2\/media\/39"}],"wp:attachment":[{"href":"https:\/\/imparte.org\/es\/wp-json\/wp\/v2\/media?parent=32"}],"curies":[{"name":"wp","href":"https:\/\/api.w.org\/{rel}","templated":true}]}}

<div data-elementor-type="wp-page" data-elementor-id="32" class="elementor elementor-32" data-elementor-post-type="page">
				<div class="elementor-element elementor-element-2ec9d630 e-con-full e-flex e-con e-parent" data-id="2ec9d630" data-element_type="container" data-e-type="container">
		<div class="elementor-element elementor-element-496edb39 e-con-full e-flex e-con e-child" data-id="496edb39" data-element_type="container" data-e-type="container">
				<div class="elementor-element elementor-element-3353e39a elementor-widget elementor-widget-heading" data-id="3353e39a" data-element_type="widget" data-e-type="widget" data-widget_type="heading.default">
					<h1 class="elementor-heading-title elementor-size-default">Acerca de IMPARTE</h1>				</div>
				<div class="elementor-element elementor-element-21d3c373 elementor-widget-divider--view-line elementor-widget elementor-widget-divider" data-id="21d3c373" data-element_type="widget" data-e-type="widget" data-widget_type="divider.default">
							<div class="elementor-divider">
			<span class="elementor-divider-separator">
						</span>
		</div>
						</div>
				<div class="elementor-element elementor-element-4a2fa918 elementor-widget__width-initial elementor-widget elementor-widget-text-editor" data-id="4a2fa918" data-element_type="widget" data-e-type="widget" data-widget_type="text-editor.default">
									<p class="ab-p">IMPARTE es una organización sin fines de lucro dedicada a promover la justicia equitativa a través de la educación comunitaria, la defensa y la reforma sistémica. Examinamos las inconsistencias en cómo se deciden los cargos y las sentencias, y aportamos investigación rigurosa y verificada a un sistema donde los resultados en casos similares divergen con demasiada frecuencia por razones que no tienen nada que ver con los hechos.</p><p class="ab-p">Apoyamos a las personas y familias más afectadas por el sistema de justicia penal, y abogamos por sentencias que tengan en cuenta el contexto humano completo: trauma, historial de desarrollo, discapacidades cognitivas y psicológicas, y la capacidad real de rehabilitación. Nuestra visión es un sistema de justicia que sea proporcional, informado sobre el desarrollo y arraigado en la dignidad humana, medido no por la dureza de su castigo, sino por la equidad con la que trata a todos los que se enfrentan a él.</p>								</div>
				</div>
		<div class="elementor-element elementor-element-2ca5d2c0 e-con-full e-flex e-con e-child" data-id="2ca5d2c0" data-element_type="container" data-e-type="container" data-settings="{&quot;background_background&quot;:&quot;classic&quot;}">
				</div>
				</div>
		<div class="elementor-element elementor-element-771db64c e-con-full e-flex e-con e-parent" data-id="771db64c" data-element_type="container" data-e-type="container">
		<div class="elementor-element elementor-element-94cc8e e-con-full e-flex e-con e-child" data-id="94cc8e" data-element_type="container" data-e-type="container">
				<div class="elementor-element elementor-element-4172f58f elementor-pagination-position-inside elementor-widget elementor-widget-image-carousel" data-id="4172f58f" data-element_type="widget" data-e-type="widget" data-settings="{&quot;slides_to_show&quot;:&quot;1&quot;,&quot;navigation&quot;:&quot;dots&quot;,&quot;pause_on_hover&quot;:&quot;no&quot;,&quot;pause_on_interaction&quot;:&quot;no&quot;,&quot;autoplay&quot;:&quot;yes&quot;,&quot;autoplay_speed&quot;:5000,&quot;infinite&quot;:&quot;yes&quot;,&quot;effect&quot;:&quot;slide&quot;,&quot;speed&quot;:500}" data-widget_type="image-carousel.default">
							<div class="elementor-image-carousel-wrapper swiper" role="region" aria-roledescription="carousel" aria-label="Carrusel de imágenes" dir="ltr">
			<div class="elementor-image-carousel swiper-wrapper swiper-image-stretch" aria-live="off">
								<div class="swiper-slide" role="group" aria-roledescription="slide" aria-label="1 de 3" data-no-translation-aria-label=""><figure class="swiper-slide-inner"><img decoding="async" class="swiper-slide-image" src="https://imparte.org/wp-content/uploads/2026/07/judge-presiding-over-court-case-with-lawyers-2026-01-08-05-58-57-utc-1-scaled.jpg" alt="judge-presiding-over-court-case-with-lawyers-2026-01-08-05-58-57-utc (1)" /></figure></div><div class="swiper-slide" role="group" aria-roledescription="slide" aria-label="2 de 3" data-no-translation-aria-label=""><figure class="swiper-slide-inner"><img decoding="async" class="swiper-slide-image" src="https://imparte.org/wp-content/uploads/2026/08/businessman-or-legal-expert-reviewing-document-rep-2026-01-09-07-28-39-utc-1-scaled.jpg" alt="businessman-or-legal-expert-reviewing-document-rep-2026-01-09-07-28-39-utc (1)" /></figure></div><div class="swiper-slide" role="group" aria-roledescription="slide" aria-label="3 de 3" data-no-translation-aria-label=""><figure class="swiper-slide-inner"><img decoding="async" class="swiper-slide-image" src="https://imparte.org/wp-content/uploads/2026/08/team-united-hands-together-in-the-city-workplace-2026-01-11-10-44-54-utc-1-scaled.jpg" alt="team-united-hands-together-in-the-city-workplace-2026-01-11-10-44-54-utc (1)" /></figure></div>			</div>
							
									<div class="swiper-pagination"></div>
									</div>
						</div>
				</div>
		<div class="elementor-element elementor-element-5c54cbf4 e-con-full e-flex e-con e-child" data-id="5c54cbf4" data-element_type="container" data-e-type="container">
				<div class="elementor-element elementor-element-3349bbd0 elementor-widget elementor-widget-heading" data-id="3349bbd0" data-element_type="widget" data-e-type="widget" data-widget_type="heading.default">
					<h2 class="elementor-heading-title elementor-size-default">Nuestra Visión</h2>				</div>
				<div class="elementor-element elementor-element-fb77d95 elementor-widget__width-initial elementor-widget elementor-widget-text-editor" data-id="fb77d95" data-element_type="widget" data-e-type="widget" data-widget_type="text-editor.default">
									<p class="p1">Visualizamos un sistema de justicia que sea proporcionado, informado sobre el desarrollo y arraigado en la dignidad humana; uno que pondere el contexto completo de la vida de una persona, no solo el cargo en su contra. Un sistema donde la reforma sea tan práctica como principista, y donde la rendición de cuentas y la restauración importen más que el castigo por sí mismo. Ese es el futuro hacia el que trabajamos y te invitamos a ser parte de él.</p>								</div>
				<div class="elementor-element elementor-element-1e9515da elementor-widget elementor-widget-testimonial" data-id="1e9515da" data-element_type="widget" data-e-type="widget" data-widget_type="testimonial.default">
							<div class="elementor-testimonial-wrapper">
							<div class="elementor-testimonial-content">"He visto cuánto puede cambiar una vida una sola decisión justa. Esa es toda la razón por la que hacemos esto, para que la justicia deje de depender de quién eres o de dónde vienes."<br>
Stephanie Ayala, Directora Ejecutiva</div>
			
						<div class="elementor-testimonial-meta">
				<div class="elementor-testimonial-meta-inner">
					
										<div class="elementor-testimonial-details">
														<div class="elementor-testimonial-name">Nombre del Empleado / Propietario</div>
																			</div>
									</div>
			</div>
					</div>
						</div>
				</div>
				</div>
		<div class="elementor-element elementor-element-6dc50d90 e-flex e-con-boxed e-con e-parent" data-id="6dc50d90" data-element_type="container" data-e-type="container">
					<div class="e-con-inner">
				<div class="elementor-element elementor-element-459095c elementor-widget elementor-widget-heading" data-id="459095c" data-element_type="widget" data-e-type="widget" data-widget_type="heading.default">
					<h2 class="elementor-heading-title elementor-size-default">Ayuda a hacer realidad esta visión
</h2>				</div>
				<div class="elementor-element elementor-element-312f1318 elementor-widget__width-initial elementor-widget elementor-widget-text-editor" data-id="312f1318" data-element_type="widget" data-e-type="widget" data-widget_type="text-editor.default">
									<p class="p1">Todo lo que has leído aquí depende de personas dispuestas a respaldarlo. Tu apoyo le da a IMPARTE los medios para investigar, defender y acompañar a las familias que más lo necesitan, y para seguir presionando hasta que la justicia sea la regla, no la excepción.</p>								</div>
				<div class="elementor-element elementor-element-3913940f elementor-align-center elementor-invisible elementor-widget elementor-widget-button" data-id="3913940f" data-element_type="widget" data-e-type="widget" data-settings="{&quot;_animation&quot;:&quot;fadeInDown&quot;}" data-widget_type="button.default">
										<a class="elementor-button elementor-button-link elementor-size-sm" href="https://imparte.org/es/contact-us/">
						<span class="elementor-button-content-wrapper">
									<span class="elementor-button-text">Dona hoy mismo</span>
					</span>
					</a>
								</div>
					</div>
				</div>
				</div>
